{"id":26,"date":"2010-04-28T18:23:17","date_gmt":"2010-04-28T16:23:17","guid":{"rendered":"http:\/\/www.rfz-bochum-nord.com\/?page_id=26"},"modified":"2024-07-05T12:24:42","modified_gmt":"2024-07-05T10:24:42","slug":"sportangebot","status":"publish","type":"page","link":"https:\/\/www.rfz-bochum-nord.com\/?page_id=26","title":{"rendered":"Sportangebot"},"content":{"rendered":"<p>Wir bieten unseren aktiven Reitern und Reiterinnen ein weitreichendes und durchdachtes Sportangebot an, bei dem wir bem\u00fcht sind, leistungsgerechte F\u00f6rderungen zu gew\u00e4hrleisten.<\/p>\n<p>Hierzu geh\u00f6rt:<br \/>\n\u2022 Fachgerechte Ausbildung durch versierte Trainer<br \/>\n\u2022 Reitabzeichenpr\u00fcfungen<br \/>\n\u2022 Winterlehrg\u00e4nge<\/p>\n<p>Anzahl der Reitstunden:<br \/>\n\u2022 Dressurstunden: aktuell 9 Stunden, aufgeteilt auf 4 Tage<br \/>\n\u2022 Springstunden: 1x w\u00f6chentlich<br \/>\n\u2022 Springgymnastik: im Winter, 14-t\u00e4giger Rhythmus<\/p>\n<p><strong>Dressur<\/strong><\/p>\n<p style=\"text-align: justify;\">Dressurunterricht erfogt 4x in der Woche. Die Einteilung in die einzelnen Stunden, bzw. in den F\u00f6rderunterricht, erfolgt nach Absprache mit den jeweiligen Dressurtrainern. Hier ist es unser Ziel, die Reitstunden m\u00f6glichst leistungsgerecht einzuteilen um den Reitsch\u00fclern eine bestm\u00f6gliche Ausbildung anzubieten.<\/p>\n<p style=\"text-align: justify;\"><strong>Springen<\/strong><\/p>\n<p style=\"text-align: justify;\">Der Springunterricht findet aktuell 1x W\u00f6chentlich in Form von mehreren kleineren, dem Leistungsstand entsprechenden Gruppen statt.<\/p>\n<p style=\"text-align: justify;\">In der Wintersaison bieten wir zudem bei Bedarf im 14-t\u00e4gigen Rhythmus&nbsp; Cavalettistunden und Springgymnastik.<\/p>\n<p style=\"text-align: justify;\">&nbsp;<\/p>\n<p style=\"text-align: justify;\"><strong>ZEITPLAN<\/strong><br \/>\n\n<table id=\"wp-table-reloaded-id-1-no-1\" class=\"wp-table-reloaded wp-table-reloaded-id-1\">\n<thead>\n\t<tr class=\"row-1 odd\">\n\t\t<th class=\"column-1\">Montag<\/th><th class=\"column-2\">Dienstag<\/th><th class=\"column-3\">Mittwoch<\/th><th class=\"column-4\">Donnerstag<\/th><th class=\"column-5\">Freitag<\/th>\n\t<\/tr>\n<\/thead>\n<tbody>\n\t<tr class=\"row-2 even\">\n\t\t<td class=\"column-1\"><\/td><td class=\"column-2\"><\/td><td class=\"column-3\">ab ca 16:00 Uhr:<br \/>\r\nSpringen bei<br \/>\r\nAlexandra Erver<\/td><td class=\"column-4\"><\/td><td class=\"column-5\"><\/td>\n\t<\/tr>\n\t<tr class=\"row-3 odd\">\n\t\t<td class=\"column-1\">16:30 Uhr:<br \/>\r\nDressur bei <br \/>\r\nSabrina Zielinski<\/td><td class=\"column-2\">16:30 Uhr:<br \/>\r\nDressur bei<br \/>\r\nHerbert K\u00f6ster<\/td><td class=\"column-3\">    \"<\/td><td class=\"column-4\">16:30 Uhr:<br \/>\r\nDressur bei<br \/>\r\nSabrina Zielinski<\/td><td class=\"column-5\">16:30 Uhr:<br \/>\r\nDressur bei <br \/>\r\nSabrina Zielinski<\/td>\n\t<\/tr>\n\t<tr class=\"row-4 even\">\n\t\t<td class=\"column-1\">17:15 Uhr:<br \/>\r\nDressur bei<br \/>\r\nSabrina Zielinski<\/td><td class=\"column-2\">17:15 Uhr:<br \/>\r\nDressur bei<br \/>\r\nHerbert K\u00f6ster<\/td><td class=\"column-3\">    \"<\/td><td class=\"column-4\">17:15 Uhr:<br \/>\r\nDressur bei<br \/>\r\nSabrina Zielinski<\/td><td class=\"column-5\"><\/td>\n\t<\/tr>\n\t<tr class=\"row-5 odd\">\n\t\t<td class=\"column-1\"><\/td><td class=\"column-2\">18:00 Uhr:<br \/>\r\nDressur bei<br \/>\r\nHerbert K\u00f6ster<\/td><td class=\"column-3\">    \"<\/td><td class=\"column-4\">18:00 Uhr:<br \/>\r\nDressur bei<br \/>\r\nSabrina Zielinski<\/td><td class=\"column-5\"><\/td>\n\t<\/tr>\n\t<tr class=\"row-6 even\">\n\t\t<td class=\"column-1\"><\/td><td class=\"column-2\"><\/td><td class=\"column-3\">    \"<\/td><td class=\"column-4\"><\/td><td class=\"column-5\"><\/td>\n\t<\/tr>\n<\/tbody>\n<\/table>\n<\/p>\n","protected":false},"excerpt":{"rendered":"<p>Wir bieten unseren aktiven Reitern und Reiterinnen ein weitreichendes und durchdachtes Sportangebot an, bei dem wir bem\u00fcht sind, leistungsgerechte F\u00f6rderungen zu gew\u00e4hrleisten. Hierzu geh\u00f6rt: \u2022 Fachgerechte Ausbildung durch versierte Trainer \u2022 Reitabzeichenpr\u00fcfungen \u2022 Winterlehrg\u00e4nge Anzahl der Reitstunden: \u2022 Dressurstunden: aktuell 9 Stunden, aufgeteilt auf 4 Tage \u2022 Springstunden: 1x w\u00f6chentlich \u2022 Springgymnastik: im Winter, 14-t\u00e4giger [&hellip;]<\/p>\n","protected":false},"author":1,"featured_media":0,"parent":0,"menu_order":3,"comment_status":"closed","ping_status":"open","template":"","meta":{"ngg_post_thumbnail":0,"footnotes":""},"class_list":["post-26","page","type-page","status-publish","hentry"],"_links":{"self":[{"href":"https:\/\/www.rfz-bochum-nord.com\/index.php?rest_route=\/wp\/v2\/pages\/26","targetHints":{"allow":["GET"]}}],"collection":[{"href":"https:\/\/www.rfz-bochum-nord.com\/index.php?rest_route=\/wp\/v2\/pages"}],"about":[{"href":"https:\/\/www.rfz-bochum-nord.com\/index.php?rest_route=\/wp\/v2\/types\/page"}],"author":[{"embeddable":true,"href":"https:\/\/www.rfz-bochum-nord.com\/index.php?rest_route=\/wp\/v2\/users\/1"}],"replies":[{"embeddable":true,"href":"https:\/\/www.rfz-bochum-nord.com\/index.php?rest_route=%2Fwp%2Fv2%2Fcomments&post=26"}],"version-history":[{"count":20,"href":"https:\/\/www.rfz-bochum-nord.com\/index.php?rest_route=\/wp\/v2\/pages\/26\/revisions"}],"predecessor-version":[{"id":17174,"href":"https:\/\/www.rfz-bochum-nord.com\/index.php?rest_route=\/wp\/v2\/pages\/26\/revisions\/17174"}],"wp:attachment":[{"href":"https:\/\/www.rfz-bochum-nord.com\/index.php?rest_route=%2Fwp%2Fv2%2Fmedia&parent=26"}],"curies":[{"name":"wp","href":"https:\/\/api.w.org\/{rel}","templated":true}]}}